mmon divisor of n and 14?
2
Let d = -508 + 550. What is the greatest common divisor of d and 462?
42
Suppose 5*j - 137 = -2*y, -2*y + 0*j - 2*j = -122. Let w(g) = -27*g - 478. Let z be w(-18). What is the greatest common factor of y and z?
8
Let v = 88 + -42. Suppose 0 = -15*o + 74 + v. Calculate the highest common factor of 32 and o.
8
Let i = 26 + -15. Let f = 17 - i. Let g be f/4*(-380)/(-6). What is the highest common factor of g and 19?
19
Let z(v) = v**3 - 4*v**2 + 8*v. Let n(r) = -r**3 + 4*r**2 - 9*r. Let b(w) = 5*n(w) + 6*z(w). Let p be b(4). What is the greatest common factor of 96 and p?
12
Let p = -890 + 910. Suppose 0 = -0*o - 2*o + 60. Calculate the greatest common divisor of o and p.
10
Let y be (9/12)/((-11)/(-396)). What is the greatest common divisor of 288 and y?
9
Suppose -b = b + 4*f - 22, f - 16 = -4*b. Suppose 2*o = y - 10, b*y - 2*y - 5*o - 1 = 0. Calculate the greatest common factor of y and 112.
16
Suppose 13*z - 324 + 51 = 0. What is the highest common factor of 42 and z?
21
Let w = 33 - 28. Suppose f - w*u = 95, -5*u + 115 = -2*f + 280. Calculate the greatest common divisor of 10 and f.
10
Let b be -1*(-72)/15*(-210)/(-9). Calculate the greatest common factor of 7 and b.
7
Suppose -2*r = 2*k - 20, 3*r - 11 = -5*k + 47. What is the greatest common divisor of k and 1750?
14
Let o be ((-108)/(-16))/(6/(-4))*-18. Suppose -5*v = 5*h - 35, 6*v - 2*v - 2*h = 40. What is the highest common divisor of o and v?
9
Let t = -28 + 42. Suppose -4*v = -3*z + 4*z + t, -2*v = -3*z + 14. Suppose 0 = -0*s - z*s + 36. What is the highest common divisor of s and 72?
18
Let h = 22 - 18. Let i(z) = 2*z - 3. Let d be i(h). Let w be 2 + d/(-2 - -3). Calculate the highest common divisor of w and 7.
7
Let i be -297*(40/60)/(2/(-3)). Let g(t) = -3*t + 6. Let v be g(-9). What is the greatest common factor of i and v?
33
Suppose -9 = n - 14. Suppose -4*d + d - 83 = -n*z, d = 2*z - 33. What is the highest common factor of z and 80?
16
Suppose 3*y - 8 = 31. Let w = 11 - y. Let s be (9 - 2) + 0 - w. Calculate the highest common divisor of s and 27.
9
Let m be 369 - (-1 + 44/(-11)). What is the greatest common factor of 110 and m?
22
Let l be 3 + (-3)/(-5 - -2). Suppose 3*r + 384 = 5*j, -l = -2*r - 0. What is the greatest common divisor of j and 195?
39
Let h = 596 - 347. Let u = h - 105. Calculate the highest common factor of 36 and u.
36
Let g be (5562/(-21))/(2/(-14)). Let d be g/42 - (-1)/(-7). What is the greatest common divisor of d and 11?
11
Let l(r) = 311*r**2 + 18*r + 38. Let b be l(-2). What is the greatest common divisor of b and 14?
14
Let a = 174 + -91. Let j = a - 55. What is the highest common factor of 56 and j?
28
Let x be (56/20)/(4/20). Let s be 1 + -2 - (-112)/14. Calculate the highest common factor of x and s.
7
Let f be 0 - (4 - (12 - 3)). Let s be f/2*(-160)/(-50). Calculate the greatest common divisor of 40 and s.
8
Let j = 9 - 7. Suppose l + 5*g - 53 = 0, 2*g - j = 6. What is the highest common factor of l and 11?
11
Let j be (6/(-4))/(6/(-8)). Suppose -y + 4*v = 26, -3*y + 5*v - 49 = y. Let c be y/15 + (-64)/(-10). Calculate the highest common factor of c and j.
2
Let g = -193 - -197. Let y(x) = -10*x. Let u be y(-4). Suppose u = -3*d + g*d. What is the highest common divisor of 8 and d?
8
Let a(k) = k**3 + 14*k**2 + 2. Let w be -2 + 2 + (15/(-1) - -1). Let i be a(w). Calculate the greatest common factor of 34 and i.
2
Let b = -53 + 81. Let m = -14 + b. What is the greatest common factor of 42 and m?
14
Suppose 12*r - 990 = r. Calculate the highest common divisor of r and 10.
10
Let j be (0/(-2))/(-1*1). Suppose j*r - r + 48 = 0. Suppose -3*u + 8 = 2*i, 2*i + i = -15. Calculate the highest common factor of u and r.
6
Let a(l) = 3763*l**3 - 2*l**2 - l + 2. Let k be a(1). Suppose -8*h = h - k. Calculate the greatest common factor of 38 and h.
38
Let o = 1640 + -1612. Let z(n) = -2*n - 7. Let b be z(-5). Suppose -b*l - 34 + 118 = 0. Calculate the greatest common factor of l and o.
28
Let s(b) = 13*b - 1. Let r be s(1). Let j = -1539 + 1599. What is the greatest common factor of j and r?
12
Let h(r) = 3*r**2 + 2 + 3*r + 2*r**3 + 2 - 4 + 2. Let y be h(4). What is the highest common factor of y and 76?
38
Let x(s) = s**2 + 5*s - 200. Let w be x(-18). What is the highest common divisor of 6 and w?
2
Let h be (-1)/(-1 - 80/(-85)). Suppose -h*b + 231 + 24 = 0. Let u(k) = -2*k**3 + k**2 - 5*k + 1. Let d be u(-4). What is the greatest common divisor of b and d?
15
Let y = 18 + -11. Suppose -36 = n + y. Let o = -30 - n. What is the highest common divisor of o and 104?
13
Let y(m) = -m**3 - 30*m**2 - 57*m + 42. Let a be y(-28). Suppose 3*g - 28 = g. Calculate the highest common divisor of g and a.
14
Let q = 318 - 313. What is the highest common factor of q and 245?
5
Let a = 87 - 35. Suppose -2*x - 26 = -a. Calculate the greatest common factor of 104 and x.
13
Suppose 0 = -n - 37*n + 38. What is the highest common divisor of 23 and n?
1
Let q be 0/(-16)*(0 + -1). Suppose q = 2*x - 5*x + 72. What is the highest common factor of x and 6?
6
Suppose 9 = 3*x, 7*m - 51 = 5*m + 3*x. What is the greatest common divisor of 570 and m?
30
Let y be -7 + (-5 - -128 - 1). What is the greatest common divisor of 184 and y?
23
Let s(u) = 80*u - 15. Let w be s(5). Suppose -70 = -15*a + 13*a. What is the highest common divisor of a and w?
35
Let c(z) = -59*z - 179. Let p be c(-7). What is the greatest common factor of 9 and p?
9
Suppose 13*g - 24 = 10*g. What is the greatest common factor of 28 and g?
4
Let n be (75/20)/((-6)/(-120)). Suppose -o = -n + 29. Calculate the greatest common divisor of o and 23.
23
Let v(i) = 33*i + 43. Let o be v(5). Calculate the greatest common divisor of o and 16.
16
Let j be ((-2)/4)/(-3*(-1)/6). Let z(i) = -93*i - 1. Let q be z(j). Calculate the highest common factor of q and 4.
4
Let k = 304 - 185. Let r be (1 - -2) + k/(42/6). What is the greatest common divisor of r and 40?
20
Let v(a) = a**2 - 23*a - 16. Let g be v(25). Calculate the greatest common factor of g and 2.
2
Let k = 19 - 7. Suppose -k = -5*h + 38. What is the highest common divisor of h and 10?
10
Suppose -4*n + 13*n = 2430. What is the greatest common divisor of 30 and n?
30
Let d = 145 - -125. What is the greatest common factor of 20 and d?
10
Let s be 1177/77 - 2/7. What is the highest common divisor of s and 165?
15
Let t(o) = -4*o + 140. Let b be t(26). Calculate the greatest common factor of 198 and b.
18
Let z(a) = -a**3 - 11*a**2 - 2*a - 16. Let k be z(-11). Suppose -k*d + 294 = d. Let s = 34 + 71. Calculate the greatest common factor of s and d.
21
Let m be (-2)/(-6) - 70/(-6). Suppose 4*k - 4 = m. Suppose 8 + k = 3*t. What is the greatest common factor of t and 36?
4
Suppose -4*d = -2*d - 10. Suppose -h + 3*z = -z - 28, -h - 8 = d*z. What is the highest common divisor of h and 12?
12
Let g(o) = 5 + 4 - 3 + 4*o + 2*o**2 - 3*o**2. Suppose 10 = 3*z - 5. Let y be g(z). Calculate the greatest common divisor of y and 7.
1
Let m be ((-10)/(-1))/(63/6 + -10). Calculate the greatest common factor of 45 and m.
5
Suppose 5*s + 167 - 42 = 0. Let w = s + 49. Suppose -2*r + 6*r = w. Calculate the greatest common divisor of 6 and r.
6
Let g = -3 + 0. Let t be -1 + 136/14 - 38/(-133). Let s = t - g. What is the greatest common divisor of 132 and s?
12
Let r(p) = -p - 16. Suppose 0*b + b = -18. Let l be r(b). Suppose -6*g + l*g = -140. What is the highest common divisor of g and 7?
7
Let p be (-3438)/(-63) - (-3)/7. Suppose -s = p - 78. Let o = -126 + 241. Calculate the highest common divisor of o and s.
23
Let p be 442 + (63/7 - (-2 + 2 + 3)). Suppose 3*u - 5*u + 112 = 0. What is the highest common divisor of p and u?
56
Suppose 21*u - 584 - 88 = 0. Calculate the highest common factor of u and 144.
16
Let d(x) = 5 + 0*x**2 + 6*x**2 + 6*x + x**3 + 2. Suppose z - 3*q + 7 = 2*z, -3*q + 12 = 0. Let k be d(z). Calculate the greatest common divisor of k and 2.
2
Let o = 22 + 18. Suppose -4*v - 4*r + 60 = 0, v - o = r + 3*r. Calculate the greatest common divisor of v and 50.
10
Suppose c - 3*c = -2. Let d be (-18)/(-15) - (-19)/(-95). Calculate the highest common factor of c and d.
1
Suppose 0 = -3*m + 26 + 58. Suppose 0 = -7*r + 12*r - 4*z - 610, 4*r + 5*z - 529 